{"id":199,"date":"2019-12-15T13:38:05","date_gmt":"2019-12-15T12:38:05","guid":{"rendered":"http:\/\/ebwfabcdz.preview.infomaniak.website\/produit\/machine-a-hot-dog\/"},"modified":"2025-03-09T08:54:13","modified_gmt":"2025-03-09T07:54:13","slug":"machine-a-hot-dog","status":"publish","type":"product","link":"https:\/\/www.restho-location.fr\/?product=machine-a-hot-dog","title":{"rendered":"Machine \u00e0 hot-dog"},"content":{"rendered":"","protected":false},"excerpt":{"rendered":"<p>Machine \u00e0 hot-dog \u00e9quip\u00e9e de 3 plots inox chauffants pour le pain pain et d&#8217;un r\u00e9servoir vapeur.<\/p>\n","protected":false},"featured_media":198,"template":"","meta":[],"product_brand":[],"product_cat":[30,35],"product_tag":[],"product_folder":[],"class_list":{"0":"post-199","1":"product","2":"type-product","3":"status-publish","4":"has-post-thumbnail","6":"product_cat-cuisiner-servir","7":"product_cat-materiel-de-cuisine","9":"first","10":"instock","11":"taxable","12":"shipping-taxable","13":"purchasable","14":"product-type-simple"},"jetpack_sharing_enabled":true,"_links":{"self":[{"href":"https:\/\/www.restho-location.fr\/index.php?rest_route=\/wp\/v2\/product\/199","targetHints":{"allow":["GET"]}}],"collection":[{"href":"https:\/\/www.restho-location.fr\/index.php?rest_route=\/wp\/v2\/product"}],"about":[{"href":"https:\/\/www.restho-location.fr\/index.php?rest_route=\/wp\/v2\/types\/product"}],"wp:featuredmedia":[{"embeddable":true,"href":"https:\/\/www.restho-location.fr\/index.php?rest_route=\/wp\/v2\/media\/198"}],"wp:attachment":[{"href":"https:\/\/www.restho-location.fr\/index.php?rest_route=%2Fwp%2Fv2%2Fmedia&parent=199"}],"wp:term":[{"taxonomy":"product_brand","embeddable":true,"href":"https:\/\/www.restho-location.fr\/index.php?rest_route=%2Fwp%2Fv2%2Fproduct_brand&post=199"},{"taxonomy":"product_cat","embeddable":true,"href":"https:\/\/www.restho-location.fr\/index.php?rest_route=%2Fwp%2Fv2%2Fproduct_cat&post=199"},{"taxonomy":"product_tag","embeddable":true,"href":"https:\/\/www.restho-location.fr\/index.php?rest_route=%2Fwp%2Fv2%2Fproduct_tag&post=199"},{"taxonomy":"product_folder","embeddable":true,"href":"https:\/\/www.restho-location.fr\/index.php?rest_route=%2Fwp%2Fv2%2Fproduct_folder&post=199"}],"curies":[{"name":"wp","href":"https:\/\/api.w.org\/{rel}","templated":true}]}}