{"id":237,"date":"2019-12-15T14:17:00","date_gmt":"2019-12-15T13:17:00","guid":{"rendered":"http:\/\/ebwfabcdz.preview.infomaniak.website\/produit\/plat-a-paella\/"},"modified":"2025-03-10T18:05:15","modified_gmt":"2025-03-10T17:05:15","slug":"plat-a-paella","status":"publish","type":"product","link":"https:\/\/www.restho-location.fr\/?product=plat-a-paella","title":{"rendered":"Plat \u00e0 pa\u00eblla"},"content":{"rendered":"","protected":false},"excerpt":{"rendered":"<p>Plat \u00e0 pa\u00eblla.<\/p>\n<p>Notre mod\u00e8le 200 personnes est fourni avec le tr\u00e9pied<\/p>\n","protected":false},"featured_media":235,"template":"","meta":[],"product_brand":[],"product_cat":[30,35],"product_tag":[],"product_folder":[],"class_list":{"0":"post-237","1":"product","2":"type-product","3":"status-publish","4":"has-post-thumbnail","6":"product_cat-cuisiner-servir","7":"product_cat-materiel-de-cuisine","9":"first","10":"instock","11":"taxable","12":"shipping-taxable","13":"purchasable","14":"product-type-variable"},"jetpack_sharing_enabled":true,"_links":{"self":[{"href":"https:\/\/www.restho-location.fr\/index.php?rest_route=\/wp\/v2\/product\/237","targetHints":{"allow":["GET"]}}],"collection":[{"href":"https:\/\/www.restho-location.fr\/index.php?rest_route=\/wp\/v2\/product"}],"about":[{"href":"https:\/\/www.restho-location.fr\/index.php?rest_route=\/wp\/v2\/types\/product"}],"wp:featuredmedia":[{"embeddable":true,"href":"https:\/\/www.restho-location.fr\/index.php?rest_route=\/wp\/v2\/media\/235"}],"wp:attachment":[{"href":"https:\/\/www.restho-location.fr\/index.php?rest_route=%2Fwp%2Fv2%2Fmedia&parent=237"}],"wp:term":[{"taxonomy":"product_brand","embeddable":true,"href":"https:\/\/www.restho-location.fr\/index.php?rest_route=%2Fwp%2Fv2%2Fproduct_brand&post=237"},{"taxonomy":"product_cat","embeddable":true,"href":"https:\/\/www.restho-location.fr\/index.php?rest_route=%2Fwp%2Fv2%2Fproduct_cat&post=237"},{"taxonomy":"product_tag","embeddable":true,"href":"https:\/\/www.restho-location.fr\/index.php?rest_route=%2Fwp%2Fv2%2Fproduct_tag&post=237"},{"taxonomy":"product_folder","embeddable":true,"href":"https:\/\/www.restho-location.fr\/index.php?rest_route=%2Fwp%2Fv2%2Fproduct_folder&post=237"}],"curies":[{"name":"wp","href":"https:\/\/api.w.org\/{rel}","templated":true}]}}